{"id":340,"date":"2022-10-04T04:46:16","date_gmt":"2022-10-04T04:46:16","guid":{"rendered":"http:\/\/www.ttc-ebingen.de\/?page_id=340"},"modified":"2022-10-04T04:46:16","modified_gmt":"2022-10-04T04:46:16","slug":"archiv","status":"publish","type":"page","link":"https:\/\/www.ttc-ebingen.de\/?page_id=340","title":{"rendered":"Archiv"},"content":{"rendered":"\n<div class=\"wp-block-query is-layout-flow wp-block-query-is-layout-flow\"><ul class=\"wp-block-post-template is-layout-flow wp-block-post-template-is-layout-flow\"><li class=\"wp-block-post post-385 post type-post status-publish format-standard hentry category-uncategorized\">\n<h2 class=\"wp-block-post-title\"><a href=\"https:\/\/www.ttc-ebingen.de\/?p=385\" target=\"_self\" >Spannende Wettk\u00e4mpfe beim TTC Ebingen<\/a><\/h2>\n\n\n\n<div class=\"wp-block-post-excerpt\"><p class=\"wp-block-post-excerpt__excerpt\">Ebingen. Einen sportlich gelungenen Jahresabschluss feierte der TTC Ebingen 1947 e.V. Ende Dezember mit seinen traditionellen Vereinsmeisterschaften. Auf dem Programm standen die Titelk\u00e4mpfe der Jugendlichen in der U19-Kategorie sowie das Doppelturnier der Aktiven.Besonders spannend verlief die U19-Konkurrenz: Die drei Erstplatzierten mussten jeweils nur eine Niederlage hinnehmen, sodass am Ende allein das Satzverh\u00e4ltnis \u00fcber die Platzierungen&hellip; <\/p><\/div>\n\n\n<hr class=\"wp-block-separator has-css-opacity\"\/>\n\n\n<div class=\"wp-block-post-date\"><time datetime=\"2025-12-13T13:21:00+00:00\">Dezember 13, 2025<\/time><\/div>\n<\/li><li class=\"wp-block-post post-382 post type-post status-publish format-standard hentry category-uncategorized\">\n<h2 class=\"wp-block-post-title\"><a href=\"https:\/\/www.ttc-ebingen.de\/?p=382\" target=\"_self\" >TTC Ebingen: Erfolgreiches Jahr mit Meistertitelund langj\u00e4hrigen Ehrungen<\/a><\/h2>\n\n\n\n<div class=\"wp-block-post-excerpt\"><p class=\"wp-block-post-excerpt__excerpt\">Ebingen \u2013 Bei der ordentlichen Mitgliederversammlung am Freitag, den 23. Mai 2025, im Caf\u00e9 \u201eApfelbaum\u201c konnte der 1. Vorsitzende des Tischtennisclubs Ebingen zahlreiche Mitglieder begr\u00fc\u00dfen.In seinem Bericht hob Frank Zacke besonders die Erfolge der Herrenmannschaft hervor, die aufgrund personeller Engp\u00e4sse zwar nur mit einer 4er-Besetzung antrat, hierbei aber ungeschlagen die Meisterschaft in der Kreisklasse errang.&hellip; <\/p><\/div>\n\n\n<hr class=\"wp-block-separator has-css-opacity\"\/>\n\n\n<div class=\"wp-block-post-date\"><time datetime=\"2025-05-23T13:20:00+00:00\">Mai 23, 2025<\/time><\/div>\n<\/li><li class=\"wp-block-post post-379 post type-post status-publish format-standard hentry category-uncategorized\">\n<h2 class=\"wp-block-post-title\"><a href=\"https:\/\/www.ttc-ebingen.de\/?p=379\" target=\"_self\" >Spannende Wettk\u00e4mpfe und besinnliche Weihnachtsfeier beimTTC Ebingen<\/a><\/h2>\n\n\n\n<div class=\"wp-block-post-excerpt\"><p class=\"wp-block-post-excerpt__excerpt\">Ebingen. Am 7. Dezember 2024 feierte der TTC Ebingen 1947 e.V. einen gelungenen Jahresausklang mit seinen traditionellen Vereinsmeisterschaften, bei denen die Sieger im Anschluss bei der festlichen Weihnachtsfeier geb\u00fchrend geehrt wurden. In der U15-Kategorie setzte sich Felix Zetzsche durch und sicherte sich den ersten Platz. Theodor Gassen belegte den zweiten Platz, w\u00e4hrend Emil Bauer den&hellip; <\/p><\/div>\n\n\n<hr class=\"wp-block-separator has-css-opacity\"\/>\n\n\n<div class=\"wp-block-post-date\"><time datetime=\"2024-12-07T13:17:00+00:00\">Dezember 7, 2024<\/time><\/div>\n<\/li><\/ul><\/div>\n","protected":false},"excerpt":{"rendered":"","protected":false},"author":1,"featured_media":0,"parent":0,"menu_order":0,"comment_status":"closed","ping_status":"closed","template":"","meta":{"footnotes":""},"class_list":["post-340","page","type-page","status-publish","hentry"],"_links":{"self":[{"href":"https:\/\/www.ttc-ebingen.de\/index.php?rest_route=\/wp\/v2\/pages\/340","targetHints":{"allow":["GET"]}}],"collection":[{"href":"https:\/\/www.ttc-ebingen.de\/index.php?rest_route=\/wp\/v2\/pages"}],"about":[{"href":"https:\/\/www.ttc-ebingen.de\/index.php?rest_route=\/wp\/v2\/types\/page"}],"author":[{"embeddable":true,"href":"https:\/\/www.ttc-ebingen.de\/index.php?rest_route=\/wp\/v2\/users\/1"}],"replies":[{"embeddable":true,"href":"https:\/\/www.ttc-ebingen.de\/index.php?rest_route=%2Fwp%2Fv2%2Fcomments&post=340"}],"version-history":[{"count":1,"href":"https:\/\/www.ttc-ebingen.de\/index.php?rest_route=\/wp\/v2\/pages\/340\/revisions"}],"predecessor-version":[{"id":341,"href":"https:\/\/www.ttc-ebingen.de\/index.php?rest_route=\/wp\/v2\/pages\/340\/revisions\/341"}],"wp:attachment":[{"href":"https:\/\/www.ttc-ebingen.de\/index.php?rest_route=%2Fwp%2Fv2%2Fmedia&parent=340"}],"curies":[{"name":"wp","href":"https:\/\/api.w.org\/{rel}","templated":true}]}}

<div class="wp-block-query is-layout-flow wp-block-query-is-layout-flow"><ul class="wp-block-post-template is-layout-flow wp-block-post-template-is-layout-flow"><li class="wp-block-post post-385 post type-post status-publish format-standard hentry category-uncategorized">
<h2 class="wp-block-post-title"><a href="https://www.ttc-ebingen.de/?p=385" target="_self" >Spannende Wettkämpfe beim TTC Ebingen</a></h2>



<div class="wp-block-post-excerpt"><p class="wp-block-post-excerpt__excerpt">Ebingen. Einen sportlich gelungenen Jahresabschluss feierte der TTC Ebingen 1947 e.V. Ende Dezember mit seinen traditionellen Vereinsmeisterschaften. Auf dem Programm standen die Titelkämpfe der Jugendlichen in der U19-Kategorie sowie das Doppelturnier der Aktiven.Besonders spannend verlief die U19-Konkurrenz: Die drei Erstplatzierten mussten jeweils nur eine Niederlage hinnehmen, sodass am Ende allein das Satzverhältnis über die Platzierungen&hellip; </p></div>


<hr class="wp-block-separator has-css-opacity"/>


<div class="wp-block-post-date"><time datetime="2025-12-13T13:21:00+00:00">Dezember 13, 2025</time></div>
</li><li class="wp-block-post post-382 post type-post status-publish format-standard hentry category-uncategorized">
<h2 class="wp-block-post-title"><a href="https://www.ttc-ebingen.de/?p=382" target="_self" >TTC Ebingen: Erfolgreiches Jahr mit Meistertitelund langjährigen Ehrungen</a></h2>



<div class="wp-block-post-excerpt"><p class="wp-block-post-excerpt__excerpt">Ebingen – Bei der ordentlichen Mitgliederversammlung am Freitag, den 23. Mai 2025, im Café „Apfelbaum“ konnte der 1. Vorsitzende des Tischtennisclubs Ebingen zahlreiche Mitglieder begrüßen.In seinem Bericht hob Frank Zacke besonders die Erfolge der Herrenmannschaft hervor, die aufgrund personeller Engpässe zwar nur mit einer 4er-Besetzung antrat, hierbei aber ungeschlagen die Meisterschaft in der Kreisklasse errang.&hellip; </p></div>


<hr class="wp-block-separator has-css-opacity"/>


<div class="wp-block-post-date"><time datetime="2025-05-23T13:20:00+00:00">Mai 23, 2025</time></div>
</li><li class="wp-block-post post-379 post type-post status-publish format-standard hentry category-uncategorized">
<h2 class="wp-block-post-title"><a href="https://www.ttc-ebingen.de/?p=379" target="_self" >Spannende Wettkämpfe und besinnliche Weihnachtsfeier beimTTC Ebingen</a></h2>



<div class="wp-block-post-excerpt"><p class="wp-block-post-excerpt__excerpt">Ebingen. Am 7. Dezember 2024 feierte der TTC Ebingen 1947 e.V. einen gelungenen Jahresausklang mit seinen traditionellen Vereinsmeisterschaften, bei denen die Sieger im Anschluss bei der festlichen Weihnachtsfeier gebührend geehrt wurden. In der U15-Kategorie setzte sich Felix Zetzsche durch und sicherte sich den ersten Platz. Theodor Gassen belegte den zweiten Platz, während Emil Bauer den&hellip; </p></div>


<hr class="wp-block-separator has-css-opacity"/>


<div class="wp-block-post-date"><time datetime="2024-12-07T13:17:00+00:00">Dezember 7, 2024</time></div>
</li></ul></div>
