{"id":171,"date":"2019-02-25T08:26:16","date_gmt":"2019-02-25T08:26:16","guid":{"rendered":"http:\/\/www.ttc-ebingen.de\/?page_id=171"},"modified":"2019-02-25T08:26:16","modified_gmt":"2019-02-25T08:26:16","slug":"datenschutzerklaerung","status":"publish","type":"page","link":"https:\/\/www.ttc-ebingen.de\/?page_id=171","title":{"rendered":"Datenschutzerkl\u00e4rung"},"content":{"rendered":"\n<h4 class=\"wp-block-heading\">Grundlegendes<\/h4>\n\n\n\n<p>Diese Datenschutzerkl\u00e4rung soll die Nutzer\ndieser Website \u00fcber die Art, den Umfang und den Zweck der Erhebung und\nVerwendung personenbezogener Daten durch den Websitebetreiber [Ihre\nKontaktdaten einf\u00fcgen] informieren.<\/p>\n\n\n\n<p>Der Websitebetreiber nimmt Ihren Datenschutz\nsehr ernst und behandelt Ihre personenbezogenen Daten vertraulich und\nentsprechend der gesetzlichen Vorschriften. Da durch neue Technologien und die\nst\u00e4ndige Weiterentwicklung dieser Webseite \u00c4nderungen an dieser\nDatenschutzerkl\u00e4rung vorgenommen werden k\u00f6nnen, empfehlen wir Ihnen sich die\nDatenschutzerkl\u00e4rung in regelm\u00e4\u00dfigen Abst\u00e4nden wieder durchzulesen.<\/p>\n\n\n\n<p>Definitionen der verwendeten Begriffe (z.B.\n\u201cpersonenbezogene Daten\u201d oder \u201cVerarbeitung\u201d) finden Sie in Art. 4 DSGVO.<\/p>\n\n\n\n<h4 class=\"wp-block-heading\">Zugriffsdaten<\/h4>\n\n\n\n<p>Wir, der Websitebetreiber bzw. Seitenprovider,\nerheben aufgrund unseres berechtigten Interesses (s. Art. 6 Abs. 1 lit. f.\nDSGVO) Daten \u00fcber Zugriffe auf die Website und speichern diese als\n\u201eServer-Logfiles\u201c auf dem Server der Website ab. Folgende Daten werden so\nprotokolliert:<\/p>\n\n\n\n<ul class=\"wp-block-list\"><li>Besuchte\nWebsite<\/li><li>Uhrzeit\nzum Zeitpunkt des Zugriffes<\/li><li>Menge\nder gesendeten Daten in Byte<\/li><li>Quelle\/Verweis,\nvon welchem Sie auf die Seite gelangten<\/li><li>Verwendeter\nBrowser<\/li><li>Verwendetes\nBetriebssystem<\/li><li>Verwendete\nIP-Adresse<\/li><\/ul>\n\n\n\n<p>Die Server-Logfiles werden f\u00fcr maximal 7 Tage\ngespeichert und anschlie\u00dfend gel\u00f6scht. Die Speicherung der Daten erfolgt aus\nSicherheitsgr\u00fcnden, um z. B. Missbrauchsf\u00e4lle aufkl\u00e4ren zu k\u00f6nnen. M\u00fcssen Daten\naus Beweisgr\u00fcnden aufgehoben werden, sind sie solange von der L\u00f6schung\nausgenommen bis der Vorfall endg\u00fcltig gekl\u00e4rt ist.<\/p>\n\n\n\n<h4 class=\"wp-block-heading\">Reichweitenmessung\n&amp; Cookies<\/h4>\n\n\n\n<p>Diese Website verwendet Cookies zur\npseudonymisierten Reichweitenmessung, die entweder von unserem Server oder dem\nServer Dritter an den Browser des Nutzers \u00fcbertragen werden. Bei Cookies\nhandelt es sich um kleine Dateien, welche auf Ihrem Endger\u00e4t gespeichert\nwerden. Ihr Browser greift auf diese Dateien zu. Durch den Einsatz von Cookies\nerh\u00f6ht sich die Benutzerfreundlichkeit und Sicherheit dieser Website.<\/p>\n\n\n\n<p>Falls Sie nicht m\u00f6chten, dass Cookies zur\nReichweitenmessung auf Ihrem Endger\u00e4t gespeichert werden, k\u00f6nnen Sie dem\nEinsatz dieser Dateien hier widersprechen:<\/p>\n\n\n\n<ul class=\"wp-block-list\"><li>Cookie-Deaktivierungsseite\nder Netzwerkwerbeinitiative: <a href=\"http:\/\/optout.networkadvertising.org\/?c=1#!\/\">http:\/\/optout.networkadvertising.org\/?c=1#!\/<\/a><\/li><li>Cookie-Deaktivierungsseite\nder US-amerikanischen Website: <a href=\"http:\/\/optout.aboutads.info\/?c=2#!\/\">http:\/\/optout.aboutads.info\/?c=2#!\/<\/a><\/li><li>Cookie-Deaktivierungsseite\nder europ\u00e4ischen Website: <a href=\"http:\/\/optout.networkadvertising.org\/?c=1#!\/\">http:\/\/optout.networkadvertising.org\/?c=1#!\/<\/a><\/li><\/ul>\n\n\n\n<p>G\u00e4ngige Browser bieten die Einstellungsoption,\nCookies nicht zuzulassen. Hinweis: Es ist nicht gew\u00e4hrleistet, dass Sie auf\nalle Funktionen dieser Website ohne Einschr\u00e4nkungen zugreifen k\u00f6nnen, wenn Sie\nentsprechende Einstellungen vornehmen.<\/p>\n\n\n\n<p>Erfassung und Verarbeitung personenbezogener\nDaten<\/p>\n\n\n\n<p>Der Websitebetreiber erhebt, nutzt und gibt\nIhre personenbezogenen Daten nur dann weiter, wenn dies im gesetzlichen Rahmen\nerlaubt ist oder Sie in die Datenerhebung einwilligen.<\/p>\n\n\n\n<p>Als personenbezogene Daten gelten s\u00e4mtliche\nInformationen, welche dazu dienen, Ihre Person zu bestimmen und welche zu Ihnen\nzur\u00fcckverfolgt werden k\u00f6nnen \u2013 also beispielsweise Ihr Name, Ihre\nE-Mail-Adresse und Telefonnummer.<\/p>\n\n\n\n<p>Diese Website k\u00f6nnen Sie auch besuchen, ohne\nAngaben zu Ihrer Person zu machen. Zur Verbesserung unseres Online-Angebotes\nspeichern wir jedoch (ohne Personenbezug) Ihre Zugriffsdaten auf diese Website.\nZu diesen Zugriffsdaten geh\u00f6ren z. B. die von Ihnen angeforderte Datei oder der\nName Ihres Internet-Providers. Durch die Anonymisierung der Daten sind\nR\u00fcckschl\u00fcsse auf Ihre Person nicht m\u00f6glich. <\/p>\n\n\n\n<p><strong>Umgang mit Kontaktdaten<\/strong><\/p>\n\n\n\n<p>Nehmen Sie mit uns als Websitebetreiber durch\ndie angebotenen Kontaktm\u00f6glichkeiten Verbindung auf, werden Ihre Angaben\ngespeichert, damit auf diese zur Bearbeitung und Beantwortung Ihrer Anfrage\nzur\u00fcckgegriffen werden kann. Ohne Ihre Einwilligung werden diese Daten nicht an\nDritte weitergegeben.<\/p>\n\n\n\n<p><strong>Umgang mit Kommentaren und\nBeitr\u00e4gen<\/strong><\/p>\n\n\n\n<p>Hinterlassen Sie auf dieser Website einen\nBeitrag oder Kommentar, wird Ihre IP-Adresse gespeichert. Dies erfolgt aufgrund\nunserer berechtigten Interessen im Sinne des Art. 6 Abs. 1 lit. f. DSGVO und\ndient der Sicherheit von uns als Websitebetreiber: Denn sollte Ihr Kommentar\ngegen geltendes Recht versto\u00dfen, k\u00f6nnen wir daf\u00fcr belangt werden, weshalb wir ein\nInteresse an der Identit\u00e4t des Kommentar- bzw. Beitragsautors haben.<\/p>\n\n\n\n<p><strong>Nutzung von\nSocial-Media-Plugins von Facebook, Google Analytics<\/strong><\/p>\n\n\n\n<p>Auf unserer Website sind keine Social-Media\nPlugins von Facebook oder \u00e4hnlichen Anbietern eingebunden. Selbiges gilt f\u00fcr\nAuswertungen \u00fcber Google Analytics.<\/p>\n\n\n\n<p><strong>Newsletter-Abonnement<\/strong><\/p>\n\n\n\n<p>Wir versenden automatisiert keine Newsletter.<em><\/em><\/p>\n\n\n\n<p><strong>Rechte des Nutzers<\/strong><\/p>\n\n\n\n<p>Sie haben als Nutzer das Recht, auf Antrag eine\nkostenlose Auskunft dar\u00fcber zu erhalten, welche personenbezogenen Daten \u00fcber\nSie gespeichert wurden. Sie haben au\u00dferdem das Recht auf Berichtigung falscher\nDaten und auf die Verarbeitungseinschr\u00e4nkung oder L\u00f6schung Ihrer\npersonenbezogenen Daten. Falls zutreffend, k\u00f6nnen Sie auch Ihr Recht auf\nDatenportabilit\u00e4t geltend machen. Sollten Sie annehmen, dass Ihre Daten\nunrechtm\u00e4\u00dfig verarbeitet wurden, k\u00f6nnen Sie eine Beschwerde bei der zust\u00e4ndigen\nAufsichtsbeh\u00f6rde einreichen.<\/p>\n\n\n\n<p><strong>L\u00f6schung\nvon Daten<\/strong><\/p>\n\n\n\n<p>Sofern Ihr Wunsch nicht mit einer gesetzlichen\nPflicht zur Aufbewahrung von Daten (z. B. Vorratsdatenspeicherung) kollidiert,\nhaben Sie ein Anrecht auf L\u00f6schung Ihrer Daten. Von uns gespeicherte Daten\nwerden, sollten sie f\u00fcr ihre Zweckbestimmung nicht mehr vonn\u00f6ten sein und es\nkeine gesetzlichen Aufbewahrungsfristen geben, gel\u00f6scht. Falls eine L\u00f6schung\nnicht durchgef\u00fchrt werden kann, da die Daten f\u00fcr zul\u00e4ssige gesetzliche Zwecke\nerforderlich sind, erfolgt eine Einschr\u00e4nkung der Datenverarbeitung. In diesem\nFall werden die Daten gesperrt und nicht f\u00fcr andere Zwecke verarbeitet.<\/p>\n\n\n\n<h4 class=\"wp-block-heading\">Widerspruchsrecht<\/h4>\n\n\n\n<p>Nutzer dieser Webseite k\u00f6nnen von ihrem\nWiderspruchsrecht Gebrauch machen und der Verarbeitung ihrer personenbezogenen\nDaten zu jeder Zeit widersprechen. <\/p>\n\n\n\n<p>Wenn Sie eine Berichtigung, Sperrung, L\u00f6schung oder Auskunft \u00fcber die zu Ihrer Person gespeicherten personenbezogenen Daten w\u00fcnschen oder Fragen bzgl. der Erhebung, Verarbeitung oder Verwendung Ihrer personenbezogenen Daten haben oder erteilte Einwilligungen widerrufen m\u00f6chten, wenden Sie sich bitte an folgende E-Mail-Adresse: datenschutz@ttc-ebingen.de<\/p>\n","protected":false},"excerpt":{"rendered":"<p>Grundlegendes Diese Datenschutzerkl\u00e4rung soll die Nutzer dieser Website \u00fcber die Art, den Umfang und den Zweck der Erhebung und Verwendung personenbezogener Daten durch den Websitebetreiber [Ihre Kontaktdaten einf\u00fcgen] informieren. Der Websitebetreiber nimmt Ihren Datenschutz sehr ernst und behandelt Ihre personenbezogenen Daten vertraulich und entsprechend der gesetzlichen Vorschriften. Da durch neue Technologien und die st\u00e4ndige Weiterentwicklung &hellip; <\/p>\n<p class=\"link-more\"><a href=\"https:\/\/www.ttc-ebingen.de\/?page_id=171\" class=\"more-link\"><span class=\"screen-reader-text\">\u201eDatenschutzerkl\u00e4rung\u201c<\/span> weiterlesen<\/a><\/p>\n","protected":false},"author":1,"featured_media":0,"parent":0,"menu_order":0,"comment_status":"closed","ping_status":"closed","template":"","meta":{"footnotes":""},"class_list":["post-171","page","type-page","status-publish","hentry"],"_links":{"self":[{"href":"https:\/\/www.ttc-ebingen.de\/index.php?rest_route=\/wp\/v2\/pages\/171","targetHints":{"allow":["GET"]}}],"collection":[{"href":"https:\/\/www.ttc-ebingen.de\/index.php?rest_route=\/wp\/v2\/pages"}],"about":[{"href":"https:\/\/www.ttc-ebingen.de\/index.php?rest_route=\/wp\/v2\/types\/page"}],"author":[{"embeddable":true,"href":"https:\/\/www.ttc-ebingen.de\/index.php?rest_route=\/wp\/v2\/users\/1"}],"replies":[{"embeddable":true,"href":"https:\/\/www.ttc-ebingen.de\/index.php?rest_route=%2Fwp%2Fv2%2Fcomments&post=171"}],"version-history":[{"count":1,"href":"https:\/\/www.ttc-ebingen.de\/index.php?rest_route=\/wp\/v2\/pages\/171\/revisions"}],"predecessor-version":[{"id":172,"href":"https:\/\/www.ttc-ebingen.de\/index.php?rest_route=\/wp\/v2\/pages\/171\/revisions\/172"}],"wp:attachment":[{"href":"https:\/\/www.ttc-ebingen.de\/index.php?rest_route=%2Fwp%2Fv2%2Fmedia&parent=171"}],"curies":[{"name":"wp","href":"https:\/\/api.w.org\/{rel}","templated":true}]}}