{"id":160,"date":"2019-02-22T07:53:21","date_gmt":"2019-02-22T07:53:21","guid":{"rendered":"http:\/\/www.ttc-ebingen.de\/?page_id=160"},"modified":"2020-01-07T11:37:34","modified_gmt":"2020-01-07T11:37:34","slug":"mitglied-werden","status":"publish","type":"page","link":"https:\/\/www.ttc-ebingen.de\/?page_id=160","title":{"rendered":"Mitglied werden"},"content":{"rendered":"\n<p>Der TTC Ebingen 1947 e.V. freut sich immer wieder \u00fcber neue Mitglieder. <\/p>\n\n\n\n<p>Die Mitgliedsbeitr\u00e4ge (jeweils Jahresbeitrag) k\u00f6nnen beiligender Aufstellung entnommen werden.<\/p>\n\n\n\n<table class=\"wp-block-table\"><tbody><tr><td>aktiv (Training und Mannschaftsspielbetrieb) <\/td><td>80 EUR<\/td><\/tr><tr><td> aktiv-passiv (nur Training) <\/td><td>60 EUR<\/td><\/tr><tr><td> Jugend\/Sch\u00fcler\/Student <\/td><td>50 EUR<\/td><\/tr><tr><td>passiv<\/td><td>50 EUR<\/td><\/tr><\/tbody><\/table>\n\n\n\n<div class=\"wp-block-file\"><a href=\"http:\/\/www.ttc-ebingen.de\/wp-content\/uploads\/2020\/01\/TTCE-Vordruck_Beitrittserkl\u00e4rung_ab-01.01.2019.pdf\">TTCE-Vordruck_Beitrittserkl\u00e4rung_ab 01.01.2019<\/a><a href=\"http:\/\/www.ttc-ebingen.de\/wp-content\/uploads\/2020\/01\/TTCE-Vordruck_Beitrittserkl\u00e4rung_ab-01.01.2019.pdf\" class=\"wp-block-file__button\" download>Herunterladen<\/a><\/div>\n","protected":false},"excerpt":{"rendered":"<p>Der TTC Ebingen 1947 e.V. freut sich immer wieder \u00fcber neue Mitglieder. Die Mitgliedsbeitr\u00e4ge (jeweils Jahresbeitrag) k\u00f6nnen beiligender Aufstellung entnommen werden. aktiv (Training und Mannschaftsspielbetrieb) 80 EUR aktiv-passiv (nur Training) 60 EUR Jugend\/Sch\u00fcler\/Student 50 EUR passiv 50 EUR<\/p>\n","protected":false},"author":1,"featured_media":0,"parent":0,"menu_order":0,"comment_status":"closed","ping_status":"closed","template":"","meta":{"footnotes":""},"class_list":["post-160","page","type-page","status-publish","hentry"],"_links":{"self":[{"href":"https:\/\/www.ttc-ebingen.de\/index.php?rest_route=\/wp\/v2\/pages\/160","targetHints":{"allow":["GET"]}}],"collection":[{"href":"https:\/\/www.ttc-ebingen.de\/index.php?rest_route=\/wp\/v2\/pages"}],"about":[{"href":"https:\/\/www.ttc-ebingen.de\/index.php?rest_route=\/wp\/v2\/types\/page"}],"author":[{"embeddable":true,"href":"https:\/\/www.ttc-ebingen.de\/index.php?rest_route=\/wp\/v2\/users\/1"}],"replies":[{"embeddable":true,"href":"https:\/\/www.ttc-ebingen.de\/index.php?rest_route=%2Fwp%2Fv2%2Fcomments&post=160"}],"version-history":[{"count":4,"href":"https:\/\/www.ttc-ebingen.de\/index.php?rest_route=\/wp\/v2\/pages\/160\/revisions"}],"predecessor-version":[{"id":258,"href":"https:\/\/www.ttc-ebingen.de\/index.php?rest_route=\/wp\/v2\/pages\/160\/revisions\/258"}],"wp:attachment":[{"href":"https:\/\/www.ttc-ebingen.de\/index.php?rest_route=%2Fwp%2Fv2%2Fmedia&parent=160"}],"curies":[{"name":"wp","href":"https:\/\/api.w.org\/{rel}","templated":true}]}}